{"id":58,"date":"2012-10-25T11:52:55","date_gmt":"2012-10-25T11:52:55","guid":{"rendered":"http:\/\/xn--judo-lbben-feb.de\/?page_id=58"},"modified":"2012-10-25T11:52:55","modified_gmt":"2012-10-25T11:52:55","slug":"die-jahre-1966-bis-1975","status":"publish","type":"page","link":"https:\/\/xn--judo-lbben-feb.de\/?page_id=58","title":{"rendered":"Die Jahre 1966 bis 1975"},"content":{"rendered":"<p><strong>1966 &#8211; 1975<\/strong><\/p>\n<p>Erste Erfolge der Jugendarbeit machen sich bemerkbar.<br \/>\nDurch eine engagierte Arbeit des Vorstandes und der \u00dcbungsleiter k\u00f6nnen nach und nach immer mehr Kinder und Jugendliche f\u00fcr den Judo-Sport begeistert werden. Die Mitgliederzahl des Judovereins nimmt Jahren St\u00fcck f\u00fcr St\u00fcck zu. Nat\u00fcrlich ist der Verein auch gr\u00f6\u00dferen Schwankungen unterlegen, so waren es einmal ein H\u00e4ufchen von 6-15 K\u00e4mpfern auf der Matte und mal waren es dann auch bis zu 20- und mehr.<\/p>\n<p><strong>1970<\/strong><\/p>\n<p>Sportfreund Walter Weber kommt nach L\u00fcbben.<br \/>\nWalter Weber (heute Tr\u00e4ger des 3. Dan) ist seit dieser Zeit aktiv als \u00dcbungs- und Sektionsleiter t\u00e4tig. Mit seiner hervorragenden Nachwuchsarbeit ist er ma\u00dfgeblich verantwortlich daf\u00fcr, dass die Mitgliederzahl bis heute immer wieder stieg. Seine Erfahrungen, auch im internationalen Wettkampfgeschehen, sind ausschlaggebend, dass viele Judokas, unter seiner Anleitung, ihren \u201eBraunen G\u00fcrtel\u201c ablegen und ihre Wettkampftechniken erweitern.<\/p>\n<p><strong>1970 &#8211; 1975<\/strong><\/p>\n<p>Judokas behaupten sich zunehmend bei Wettkampfturnieren.<br \/>\nDie zweite Generation Judokas wird durch unsere Trainer und \u00dcbungsleiter intensiv trainiert und gut ausgebildet, welches sich in Wettk\u00e4mpfen (Kreisspartakiaden, Bezirksmeisterschaften, etc.) mit entsprechenden ersten bis vierten Pl\u00e4tzen widerspiegelt. Zu den erfolgreichsten K\u00e4mpfern geh\u00f6ren, Ronald Koukal, Mario Arndt, Thomas K\u00fchn, Dietmar und Uwe Zimmermann, Kerstin Tarnow, Jens Gischke, Uwe Reu\u00dfner, Andre Lehmann, Frank Zimmermann, um nur einige zu nennen.<\/p>\n<p><strong>1972<\/strong><\/p>\n<p>Der Verein zieht in die Sporthalle der 2. Oberschule L\u00fcbben.<br \/>\nDie steigende Mitgliederzahl macht es erforderlich, in eine gr\u00f6\u00dfere Sporthalle zu ziehen. Nach positiven Gespr\u00e4chen mit der Stadt L\u00fcbben zog der Verein von der Sporthalle im heutigen Gymnasium, in die Sporthalle der 2. Oberschule in Steinkirchen um. Die gr\u00f6\u00dfere Mattenfl\u00e4che tr\u00e4gt nicht nur zu einem besseren Training bei, sondern erm\u00f6glicht jetzt auch die Ausrichtung von Turnieren und Wettk\u00e4mpfen.<\/p>\n","protected":false},"excerpt":{"rendered":"<p>1966 &#8211; 1975 Erste Erfolge der Jugendarbeit machen sich bemerkbar. Durch eine engagierte Arbeit des Vorstandes und der \u00dcbungsleiter k\u00f6nnen nach und nach immer mehr Kinder und Jugendliche f\u00fcr den Judo-Sport begeistert werden. Die Mitgliederzahl des Judovereins nimmt Jahren St\u00fcck f\u00fcr St\u00fcck zu. Nat\u00fcrlich ist der Verein auch gr\u00f6\u00dferen Schwankungen unterlegen, so waren es einmal [&hellip;]<\/p>\n","protected":false},"author":1,"featured_media":0,"parent":11,"menu_order":1,"comment_status":"closed","ping_status":"open","template":"","meta":{"_et_pb_use_builder":"","_et_pb_old_content":"","_et_gb_content_width":"","footnotes":""},"class_list":["post-58","page","type-page","status-publish","hentry"],"_links":{"self":[{"href":"https:\/\/xn--judo-lbben-feb.de\/index.php?rest_route=\/wp\/v2\/pages\/58","targetHints":{"allow":["GET"]}}],"collection":[{"href":"https:\/\/xn--judo-lbben-feb.de\/index.php?rest_route=\/wp\/v2\/pages"}],"about":[{"href":"https:\/\/xn--judo-lbben-feb.de\/index.php?rest_route=\/wp\/v2\/types\/page"}],"author":[{"embeddable":true,"href":"https:\/\/xn--judo-lbben-feb.de\/index.php?rest_route=\/wp\/v2\/users\/1"}],"replies":[{"embeddable":true,"href":"https:\/\/xn--judo-lbben-feb.de\/index.php?rest_route=%2Fwp%2Fv2%2Fcomments&post=58"}],"version-history":[{"count":0,"href":"https:\/\/xn--judo-lbben-feb.de\/index.php?rest_route=\/wp\/v2\/pages\/58\/revisions"}],"up":[{"embeddable":true,"href":"https:\/\/xn--judo-lbben-feb.de\/index.php?rest_route=\/wp\/v2\/pages\/11"}],"wp:attachment":[{"href":"https:\/\/xn--judo-lbben-feb.de\/index.php?rest_route=%2Fwp%2Fv2%2Fmedia&parent=58"}],"curies":[{"name":"wp","href":"https:\/\/api.w.org\/{rel}","templated":true}]}}