{"id":420,"date":"2012-11-02T12:09:59","date_gmt":"2012-11-02T12:09:59","guid":{"rendered":"http:\/\/xn--judo-lbben-feb.de\/?page_id=420"},"modified":"2023-03-12T10:32:34","modified_gmt":"2023-03-12T09:32:34","slug":"2009-2","status":"publish","type":"page","link":"https:\/\/xn--judo-lbben-feb.de\/?page_id=420","title":{"rendered":"2009"},"content":{"rendered":"<p style=\"text-align: center;\"><strong>Pr\u00fcfung abgelegt<\/strong><\/p>\n<p style=\"text-align: left;\">Wochenkurier 04. Februar <a href=\"https:\/\/xn--judo-lbben-feb.de\/wp-content\/uploads\/2012\/11\/4.02.2009-Wochenkurier0001-.jpg\"><img loading=\"lazy\" decoding=\"async\" class=\"size-medium wp-image-623 aligncenter\" title=\"4.02.2009 Wochenkurier0001\" src=\"https:\/\/xn--judo-lbben-feb.de\/wp-content\/uploads\/2012\/11\/4.02.2009-Wochenkurier0001--206x300.jpg\" alt=\"\" width=\"206\" height=\"300\" \/><\/a><\/p>\n<p style=\"text-align: center;\"><strong>H\u00f6hepunkt im M\u00e4rz<\/strong><\/p>\n<p style=\"text-align: left;\">Blickpunkt 06. Februar <a href=\"https:\/\/xn--judo-lbben-feb.de\/wp-content\/uploads\/2012\/11\/6.02.2009-Blickpunkt0001-.jpg\"><img loading=\"lazy\" decoding=\"async\" class=\"size-medium wp-image-624 aligncenter\" title=\"6.02.2009 Blickpunkt0001\" src=\"https:\/\/xn--judo-lbben-feb.de\/wp-content\/uploads\/2012\/11\/6.02.2009-Blickpunkt0001--226x300.jpg\" alt=\"\" width=\"226\" height=\"300\" \/><\/a><\/p>\n<p style=\"text-align: center;\"><strong>Kampf der Judokas<\/strong><\/p>\n<p style=\"text-align: left;\">Blickpunkt 1. April <a href=\"https:\/\/xn--judo-lbben-feb.de\/wp-content\/uploads\/2012\/11\/11.04.2009-Blickpunkt0001-.jpg\"><img loading=\"lazy\" decoding=\"async\" class=\"size-medium wp-image-625 aligncenter\" title=\"11.04.2009 Blickpunkt0001\" src=\"https:\/\/xn--judo-lbben-feb.de\/wp-content\/uploads\/2012\/11\/11.04.2009-Blickpunkt0001--249x300.jpg\" alt=\"\" width=\"249\" height=\"300\" \/><\/a><\/p>\n<p style=\"text-align: center;\"><strong>Ju-Jutsu Trainer ausgebildet<\/strong><\/p>\n<p style=\"text-align: left;\">Lausitzer Rundschau 25. April <a href=\"https:\/\/xn--judo-lbben-feb.de\/wp-content\/uploads\/2012\/11\/25.04.2009-Lausitzer-Rundschau0001-.jpg\"><img loading=\"lazy\" decoding=\"async\" class=\"size-medium wp-image-626 aligncenter\" title=\"25.04.2009 Lausitzer Rundschau0001\" src=\"https:\/\/xn--judo-lbben-feb.de\/wp-content\/uploads\/2012\/11\/25.04.2009-Lausitzer-Rundschau0001--293x300.jpg\" alt=\"\" width=\"293\" height=\"300\" \/><\/a><\/p>\n<p style=\"text-align: center;\"><strong>L\u00fcbbener Judokas TOP<\/strong><\/p>\n<p style=\"text-align: left;\">Blickpunkt 09. Mai <a href=\"https:\/\/xn--judo-lbben-feb.de\/wp-content\/uploads\/2012\/11\/9.05.2009-Blickpunkt0001-.jpg\"><img loading=\"lazy\" decoding=\"async\" class=\"size-medium wp-image-627 aligncenter\" title=\"9.05.2009 Blickpunkt0001\" src=\"https:\/\/xn--judo-lbben-feb.de\/wp-content\/uploads\/2012\/11\/9.05.2009-Blickpunkt0001--249x300.jpg\" alt=\"\" width=\"249\" height=\"300\" \/><\/a><\/p>\n<p style=\"text-align: center;\"><strong>Kuzushis beim Spreecup erfolgreich<\/strong><\/p>\n<p style=\"text-align: left;\">Lausitzer Rundschau 14. Mai <a href=\"https:\/\/xn--judo-lbben-feb.de\/wp-content\/uploads\/2012\/11\/14.05.2009-Lausitzer-Rundschau0002-.jpg\"><img loading=\"lazy\" decoding=\"async\" class=\"size-medium wp-image-628 aligncenter\" title=\"14.05.2009 Lausitzer Rundschau0002\" src=\"https:\/\/xn--judo-lbben-feb.de\/wp-content\/uploads\/2012\/11\/14.05.2009-Lausitzer-Rundschau0002--273x300.jpg\" alt=\"\" width=\"273\" height=\"300\" \/><\/a><\/p>\n<p style=\"text-align: center;\"><strong>Medaillen f\u00fcr Judokas<\/strong><\/p>\n<p style=\"text-align: left;\">Blickpunkt 23. Mai <a href=\"https:\/\/xn--judo-lbben-feb.de\/wp-content\/uploads\/2012\/11\/23.05.2009-Blickpunkt0001-.jpg\"><img loading=\"lazy\" decoding=\"async\" class=\"size-medium wp-image-629 aligncenter\" title=\"23.05.2009 Blickpunkt0001\" src=\"https:\/\/xn--judo-lbben-feb.de\/wp-content\/uploads\/2012\/11\/23.05.2009-Blickpunkt0001--211x300.jpg\" alt=\"\" width=\"211\" height=\"300\" \/><\/a>Lausitzer Rundschau 2. September<\/p>\n<p style=\"text-align: center;\"><strong>Ferienfahrt<\/strong><\/p>\n<p style=\"text-align: center;\"><a href=\"https:\/\/xn--judo-lbben-feb.de\/wp-content\/uploads\/2012\/11\/Ferienfahrt-2.9.2009-LR-.jpeg\"><img loading=\"lazy\" decoding=\"async\" class=\"alignnone size-thumbnail wp-image-12570\" src=\"https:\/\/xn--judo-lbben-feb.de\/wp-content\/uploads\/2012\/11\/Ferienfahrt-2.9.2009-LR--150x150.jpeg\" alt=\"\" width=\"150\" height=\"150\" srcset=\"https:\/\/xn--judo-lbben-feb.de\/wp-content\/uploads\/2012\/11\/Ferienfahrt-2.9.2009-LR--150x150.jpeg 150w, https:\/\/xn--judo-lbben-feb.de\/wp-content\/uploads\/2012\/11\/Ferienfahrt-2.9.2009-LR--500x500.jpeg 500w, https:\/\/xn--judo-lbben-feb.de\/wp-content\/uploads\/2012\/11\/Ferienfahrt-2.9.2009-LR--400x400.jpeg 400w, https:\/\/xn--judo-lbben-feb.de\/wp-content\/uploads\/2012\/11\/Ferienfahrt-2.9.2009-LR--80x80.jpeg 80w, https:\/\/xn--judo-lbben-feb.de\/wp-content\/uploads\/2012\/11\/Ferienfahrt-2.9.2009-LR--200x200.jpeg 200w\" sizes=\"auto, (max-width: 150px) 100vw, 150px\" \/><\/a><\/p>\n<p>Lausitzer Rundschau September<\/p>\n<p style=\"text-align: center;\"><strong>Frauen lernen Selbstverteidigung<br \/>\n<\/strong><\/p>\n<p style=\"text-align: center;\"><a href=\"https:\/\/xn--judo-lbben-feb.de\/wp-content\/uploads\/2012\/11\/Frauen-lernen-Selbstverteidigung-September-2009-LR-.jpeg\"><img loading=\"lazy\" decoding=\"async\" class=\"alignnone size-thumbnail wp-image-12571\" src=\"https:\/\/xn--judo-lbben-feb.de\/wp-content\/uploads\/2012\/11\/Frauen-lernen-Selbstverteidigung-September-2009-LR--150x150.jpeg\" alt=\"\" width=\"150\" height=\"150\" srcset=\"https:\/\/xn--judo-lbben-feb.de\/wp-content\/uploads\/2012\/11\/Frauen-lernen-Selbstverteidigung-September-2009-LR--150x150.jpeg 150w, https:\/\/xn--judo-lbben-feb.de\/wp-content\/uploads\/2012\/11\/Frauen-lernen-Selbstverteidigung-September-2009-LR--500x500.jpeg 500w, https:\/\/xn--judo-lbben-feb.de\/wp-content\/uploads\/2012\/11\/Frauen-lernen-Selbstverteidigung-September-2009-LR--400x400.jpeg 400w, https:\/\/xn--judo-lbben-feb.de\/wp-content\/uploads\/2012\/11\/Frauen-lernen-Selbstverteidigung-September-2009-LR--80x80.jpeg 80w, https:\/\/xn--judo-lbben-feb.de\/wp-content\/uploads\/2012\/11\/Frauen-lernen-Selbstverteidigung-September-2009-LR--200x200.jpeg 200w\" sizes=\"auto, (max-width: 150px) 100vw, 150px\" \/><\/a><\/p>\n<p style=\"text-align: center;\"><strong>Show vom Judoverein Kuzushi<\/strong><\/p>\n<p style=\"text-align: left;\">Lausitzer Rundschau 22. September <a href=\"https:\/\/xn--judo-lbben-feb.de\/wp-content\/uploads\/2012\/11\/22.09.2009-Lausitzer-Rundschau0001-.jpg\"><img loading=\"lazy\" decoding=\"async\" class=\"size-medium wp-image-630 aligncenter\" title=\"22.09.2009 Lausitzer Rundschau0001\" src=\"https:\/\/xn--judo-lbben-feb.de\/wp-content\/uploads\/2012\/11\/22.09.2009-Lausitzer-Rundschau0001--300x265.jpg\" alt=\"\" width=\"300\" height=\"265\" \/><\/a><\/p>\n<p style=\"text-align: center;\"><strong>Gala im Zeichen des nahenden Festes<\/strong><\/p>\n<p style=\"text-align: left;\">Lausitzer Rundschau 15. Dezember <a href=\"https:\/\/xn--judo-lbben-feb.de\/wp-content\/uploads\/2012\/11\/15.12.2009-Lausitzer-Rundschau0001-.jpg\"><img loading=\"lazy\" decoding=\"async\" class=\"size-medium wp-image-631 aligncenter\" title=\"15.12.2009 Lausitzer Rundschau0001\" src=\"https:\/\/xn--judo-lbben-feb.de\/wp-content\/uploads\/2012\/11\/15.12.2009-Lausitzer-Rundschau0001--187x300.jpg\" alt=\"\" width=\"187\" height=\"300\" \/><\/a><\/p>\n<p style=\"text-align: center;\"><strong>Schlagfertige M\u00e4dels<\/strong><\/p>\n<p style=\"text-align: left;\">Blickpunkt Dezember <a href=\"https:\/\/xn--judo-lbben-feb.de\/wp-content\/uploads\/2012\/11\/Dez.-2009-Blickpunkt0001-.jpg\"><img loading=\"lazy\" decoding=\"async\" class=\"size-medium wp-image-632 aligncenter\" title=\"Dez. 2009 Blickpunkt0001\" src=\"https:\/\/xn--judo-lbben-feb.de\/wp-content\/uploads\/2012\/11\/Dez.-2009-Blickpunkt0001--164x300.jpg\" alt=\"\" width=\"164\" height=\"300\" \/><\/a><\/p>\n<p style=\"text-align: left;\">\n","protected":false},"excerpt":{"rendered":"<p>Pr\u00fcfung abgelegt Wochenkurier 04. Februar H\u00f6hepunkt im M\u00e4rz Blickpunkt 06. Februar Kampf der Judokas Blickpunkt 1. April Ju-Jutsu Trainer ausgebildet Lausitzer Rundschau 25. April L\u00fcbbener Judokas TOP Blickpunkt 09. Mai Kuzushis beim Spreecup erfolgreich Lausitzer Rundschau 14. Mai Medaillen f\u00fcr Judokas Blickpunkt 23. Mai Lausitzer Rundschau 2. September Ferienfahrt Lausitzer Rundschau September Frauen lernen Selbstverteidigung [&hellip;]<\/p>\n","protected":false},"author":1,"featured_media":0,"parent":9403,"menu_order":1,"comment_status":"closed","ping_status":"open","template":"","meta":{"_et_pb_use_builder":"","_et_pb_old_content":"","_et_gb_content_width":"","footnotes":""},"class_list":["post-420","page","type-page","status-publish","hentry"],"_links":{"self":[{"href":"https:\/\/xn--judo-lbben-feb.de\/index.php?rest_route=\/wp\/v2\/pages\/420","targetHints":{"allow":["GET"]}}],"collection":[{"href":"https:\/\/xn--judo-lbben-feb.de\/index.php?rest_route=\/wp\/v2\/pages"}],"about":[{"href":"https:\/\/xn--judo-lbben-feb.de\/index.php?rest_route=\/wp\/v2\/types\/page"}],"author":[{"embeddable":true,"href":"https:\/\/xn--judo-lbben-feb.de\/index.php?rest_route=\/wp\/v2\/users\/1"}],"replies":[{"embeddable":true,"href":"https:\/\/xn--judo-lbben-feb.de\/index.php?rest_route=%2Fwp%2Fv2%2Fcomments&post=420"}],"version-history":[{"count":3,"href":"https:\/\/xn--judo-lbben-feb.de\/index.php?rest_route=\/wp\/v2\/pages\/420\/revisions"}],"predecessor-version":[{"id":12572,"href":"https:\/\/xn--judo-lbben-feb.de\/index.php?rest_route=\/wp\/v2\/pages\/420\/revisions\/12572"}],"up":[{"embeddable":true,"href":"https:\/\/xn--judo-lbben-feb.de\/index.php?rest_route=\/wp\/v2\/pages\/9403"}],"wp:attachment":[{"href":"https:\/\/xn--judo-lbben-feb.de\/index.php?rest_route=%2Fwp%2Fv2%2Fmedia&parent=420"}],"curies":[{"name":"wp","href":"https:\/\/api.w.org\/{rel}","templated":true}]}}