{"id":2751,"date":"2013-11-10T18:47:50","date_gmt":"2013-11-10T17:47:50","guid":{"rendered":"http:\/\/xn--judo-lbben-feb.de\/?page_id=2751"},"modified":"2023-10-03T16:11:32","modified_gmt":"2023-10-03T15:11:32","slug":"spreewaldpokal","status":"publish","type":"page","link":"https:\/\/xn--judo-lbben-feb.de\/?page_id=2751","title":{"rendered":"Spreewaldpokal 2014"},"content":{"rendered":"<p style=\"text-align: center;\">Der Spreewaldpokal 2014 wurde am 15.und 16.03. im &#8222;Blauen Wunder&#8220; durchgef\u00fchrt. Bereits am Freitag trafen sich viele Judoka, Eltern und andere flei\u00dfige Helfer um die Judomatten und alle weiteren notwendigen Sachen in die Wettkampfst\u00e4tte zu transportieren.<\/p>\n<p style=\"text-align: center;\"><a href=\"https:\/\/xn--judo-lbben-feb.de\/wp-content\/uploads\/2013\/11\/DSC03478-.jpg\"><img loading=\"lazy\" decoding=\"async\" class=\"alignnone size-medium wp-image-3359\" src=\"https:\/\/xn--judo-lbben-feb.de\/wp-content\/uploads\/2013\/11\/DSC03478--300x65.jpg\" alt=\"DSC03478\" width=\"300\" height=\"65\" \/><\/a><\/p>\n<p style=\"text-align: center;\">So konnte das Turnier am Samstag kurz nach 10:00 Uhr beginnen, es reisten ca. 240 Judoka aus 32 Vereinen zu spannden Wettk\u00e4mpfen der U9\/U11\/U13 an. Am ersten Wettkampftag sah die Bilanz unseres Vereines richtig gut aus, wir lagen auf Platz 2 der Mannschaftswertung.<\/p>\n<p style=\"text-align: center;\"><a href=\"https:\/\/xn--judo-lbben-feb.de\/wp-content\/uploads\/2013\/11\/DSC03479-.jpg\"><img loading=\"lazy\" decoding=\"async\" class=\"alignnone size-medium wp-image-3360\" src=\"https:\/\/xn--judo-lbben-feb.de\/wp-content\/uploads\/2013\/11\/DSC03479--300x225.jpg\" alt=\"DSC03479\" width=\"300\" height=\"225\" \/><\/a><\/p>\n<p style=\"text-align: center;\">Der Sonntag war wie in den Jahren zuvor der U15\/U18 und der U21 vorbehalten, 101 Judoka stellten sich der Herausforderung.<\/p>\n<p style=\"text-align: center;\"><a href=\"https:\/\/xn--judo-lbben-feb.de\/wp-content\/uploads\/2013\/11\/DSC03485-.jpg\"><img loading=\"lazy\" decoding=\"async\" class=\"size-medium wp-image-3361\" src=\"https:\/\/xn--judo-lbben-feb.de\/wp-content\/uploads\/2013\/11\/DSC03485--300x65.jpg\" alt=\"DSC03485\" width=\"300\" height=\"65\" \/><\/a><\/p>\n<p style=\"text-align: center;\">Nach Beendigung aller Wettk\u00e4mpfe und Ausz\u00e4hlung der Ergebnisse war es kaum zu glauben, unser Kuzushi wurde 1. in der Mannschaftswertung-unglaublich.<\/p>\n<p style=\"text-align: center;\"><a href=\"https:\/\/xn--judo-lbben-feb.de\/wp-content\/uploads\/2012\/01\/DSC03604-.jpg\"><img loading=\"lazy\" decoding=\"async\" class=\"alignnone size-medium wp-image-3356\" src=\"https:\/\/xn--judo-lbben-feb.de\/wp-content\/uploads\/2012\/01\/DSC03604--300x225.jpg\" alt=\"DSC03604\" width=\"300\" height=\"225\" \/><\/a><\/p>\n<p style=\"text-align: center;\">Der Vorstand m\u00f6chte sich bei allen teilnehmenden Sportlern f\u00fcr die guten Leistungen bedanken sowie bei den flei\u00dfigen Helfern, die zum guten Gelingen des Turniers beigetragen haben, Ihr wart SPITZE!<\/p>\n<p style=\"text-align: center;\"><a href=\"https:\/\/xn--judo-lbben-feb.de\/wp-content\/uploads\/2014\/03\/DSC03489-.jpg\"><img loading=\"lazy\" decoding=\"async\" class=\"alignnone size-thumbnail wp-image-3368\" src=\"https:\/\/xn--judo-lbben-feb.de\/wp-content\/uploads\/2014\/03\/DSC03489--150x150.jpg\" alt=\"DSC03489\" width=\"150\" height=\"150\" \/><\/a>\u00a0 <a href=\"https:\/\/xn--judo-lbben-feb.de\/wp-content\/uploads\/2013\/11\/DSC03539-.jpg\"><img loading=\"lazy\" decoding=\"async\" class=\"alignnone size-thumbnail wp-image-3383\" src=\"https:\/\/xn--judo-lbben-feb.de\/wp-content\/uploads\/2013\/11\/DSC03539--150x150.jpg\" alt=\"DSC03539\" width=\"150\" height=\"150\" \/><\/a>\u00a0 <a href=\"https:\/\/xn--judo-lbben-feb.de\/wp-content\/uploads\/2013\/11\/DSC03490-.jpg\"><img loading=\"lazy\" decoding=\"async\" class=\"alignnone size-thumbnail wp-image-3384\" src=\"https:\/\/xn--judo-lbben-feb.de\/wp-content\/uploads\/2013\/11\/DSC03490--150x150.jpg\" alt=\"DSC03490\" width=\"150\" height=\"150\" \/><\/a><\/p>\n","protected":false},"excerpt":{"rendered":"<p>Der Spreewaldpokal 2014 wurde am 15.und 16.03. im &#8222;Blauen Wunder&#8220; durchgef\u00fchrt. Bereits am Freitag trafen sich viele Judoka, Eltern und andere flei\u00dfige Helfer um die Judomatten und alle weiteren notwendigen Sachen in die Wettkampfst\u00e4tte zu transportieren. So konnte das Turnier am Samstag kurz nach 10:00 Uhr beginnen, es reisten ca. 240 Judoka aus 32 Vereinen [&hellip;]<\/p>\n","protected":false},"author":1,"featured_media":199,"parent":13091,"menu_order":3,"comment_status":"closed","ping_status":"open","template":"","meta":{"_et_pb_use_builder":"","_et_pb_old_content":"","_et_gb_content_width":"","footnotes":""},"class_list":["post-2751","page","type-page","status-publish","has-post-thumbnail","hentry"],"_links":{"self":[{"href":"https:\/\/xn--judo-lbben-feb.de\/index.php?rest_route=\/wp\/v2\/pages\/2751","targetHints":{"allow":["GET"]}}],"collection":[{"href":"https:\/\/xn--judo-lbben-feb.de\/index.php?rest_route=\/wp\/v2\/pages"}],"about":[{"href":"https:\/\/xn--judo-lbben-feb.de\/index.php?rest_route=\/wp\/v2\/types\/page"}],"author":[{"embeddable":true,"href":"https:\/\/xn--judo-lbben-feb.de\/index.php?rest_route=\/wp\/v2\/users\/1"}],"replies":[{"embeddable":true,"href":"https:\/\/xn--judo-lbben-feb.de\/index.php?rest_route=%2Fwp%2Fv2%2Fcomments&post=2751"}],"version-history":[{"count":3,"href":"https:\/\/xn--judo-lbben-feb.de\/index.php?rest_route=\/wp\/v2\/pages\/2751\/revisions"}],"predecessor-version":[{"id":19144,"href":"https:\/\/xn--judo-lbben-feb.de\/index.php?rest_route=\/wp\/v2\/pages\/2751\/revisions\/19144"}],"up":[{"embeddable":true,"href":"https:\/\/xn--judo-lbben-feb.de\/index.php?rest_route=\/wp\/v2\/pages\/13091"}],"wp:featuredmedia":[{"embeddable":true,"href":"https:\/\/xn--judo-lbben-feb.de\/index.php?rest_route=\/"}],"wp:attachment":[{"href":"https:\/\/xn--judo-lbben-feb.de\/index.php?rest_route=%2Fwp%2Fv2%2Fmedia&parent=2751"}],"curies":[{"name":"wp","href":"https:\/\/api.w.org\/{rel}","templated":true}]}}

<p style="text-align: center;">Der Spreewaldpokal 2014 wurde am 15.und 16.03. im &#8222;Blauen Wunder&#8220; durchgeführt. Bereits am Freitag trafen sich viele Judoka, Eltern und andere fleißige Helfer um die Judomatten und alle weiteren notwendigen Sachen in die Wettkampfstätte zu transportieren.</p>
<p style="text-align: center;"><a href="https://xn--judo-lbben-feb.de/wp-content/uploads/2013/11/DSC03478-.jpg"><img loading="lazy" decoding="async" class="alignnone size-medium wp-image-3359" src="https://xn--judo-lbben-feb.de/wp-content/uploads/2013/11/DSC03478--300x65.jpg" alt="DSC03478" width="300" height="65" /></a></p>
<p style="text-align: center;">So konnte das Turnier am Samstag kurz nach 10:00 Uhr beginnen, es reisten ca. 240 Judoka aus 32 Vereinen zu spannden Wettkämpfen der U9/U11/U13 an. Am ersten Wettkampftag sah die Bilanz unseres Vereines richtig gut aus, wir lagen auf Platz 2 der Mannschaftswertung.</p>
<p style="text-align: center;"><a href="https://xn--judo-lbben-feb.de/wp-content/uploads/2013/11/DSC03479-.jpg"><img loading="lazy" decoding="async" class="alignnone size-medium wp-image-3360" src="https://xn--judo-lbben-feb.de/wp-content/uploads/2013/11/DSC03479--300x225.jpg" alt="DSC03479" width="300" height="225" /></a></p>
<p style="text-align: center;">Der Sonntag war wie in den Jahren zuvor der U15/U18 und der U21 vorbehalten, 101 Judoka stellten sich der Herausforderung.</p>
<p style="text-align: center;"><a href="https://xn--judo-lbben-feb.de/wp-content/uploads/2013/11/DSC03485-.jpg"><img loading="lazy" decoding="async" class="size-medium wp-image-3361" src="https://xn--judo-lbben-feb.de/wp-content/uploads/2013/11/DSC03485--300x65.jpg" alt="DSC03485" width="300" height="65" /></a></p>
<p style="text-align: center;">Nach Beendigung aller Wettkämpfe und Auszählung der Ergebnisse war es kaum zu glauben, unser Kuzushi wurde 1. in der Mannschaftswertung-unglaublich.</p>
<p style="text-align: center;"><a href="https://xn--judo-lbben-feb.de/wp-content/uploads/2012/01/DSC03604-.jpg"><img loading="lazy" decoding="async" class="alignnone size-medium wp-image-3356" src="https://xn--judo-lbben-feb.de/wp-content/uploads/2012/01/DSC03604--300x225.jpg" alt="DSC03604" width="300" height="225" /></a></p>
<p style="text-align: center;">Der Vorstand möchte sich bei allen teilnehmenden Sportlern für die guten Leistungen bedanken sowie bei den fleißigen Helfern, die zum guten Gelingen des Turniers beigetragen haben, Ihr wart SPITZE!</p>
<p style="text-align: center;"><a href="https://xn--judo-lbben-feb.de/wp-content/uploads/2014/03/DSC03489-.jpg"><img loading="lazy" decoding="async" class="alignnone size-thumbnail wp-image-3368" src="https://xn--judo-lbben-feb.de/wp-content/uploads/2014/03/DSC03489--150x150.jpg" alt="DSC03489" width="150" height="150" /></a>  <a href="https://xn--judo-lbben-feb.de/wp-content/uploads/2013/11/DSC03539-.jpg"><img loading="lazy" decoding="async" class="alignnone size-thumbnail wp-image-3383" src="https://xn--judo-lbben-feb.de/wp-content/uploads/2013/11/DSC03539--150x150.jpg" alt="DSC03539" width="150" height="150" /></a>  <a href="https://xn--judo-lbben-feb.de/wp-content/uploads/2013/11/DSC03490-.jpg"><img loading="lazy" decoding="async" class="alignnone size-thumbnail wp-image-3384" src="https://xn--judo-lbben-feb.de/wp-content/uploads/2013/11/DSC03490--150x150.jpg" alt="DSC03490" width="150" height="150" /></a></p>

<p>Der Spreewaldpokal 2014 wurde am 15.und 16.03. im &#8222;Blauen Wunder&#8220; durchgeführt. Bereits am Freitag trafen sich viele Judoka, Eltern und andere fleißige Helfer um die Judomatten und alle weiteren notwendigen Sachen in die Wettkampfstätte zu transportieren. So konnte das Turnier am Samstag kurz nach 10:00 Uhr beginnen, es reisten ca. 240 Judoka aus 32 Vereinen [&hellip;]</p>
