{"id":27,"date":"2012-10-25T07:06:59","date_gmt":"2012-10-25T07:06:59","guid":{"rendered":"http:\/\/xn--judo-lbben-feb.de\/?page_id=27"},"modified":"2023-03-12T10:11:55","modified_gmt":"2023-03-12T09:11:55","slug":"judo","status":"publish","type":"page","link":"https:\/\/xn--judo-lbben-feb.de\/?page_id=27","title":{"rendered":"Judo"},"content":{"rendered":"<p>Der Japaner Prof. Jigoro Kano gilt als der Begr\u00fcnder des Judo-Sports.<\/p>\n<p><strong>D<\/strong>ie Geschichte des Judo beginnt im Japanischen Kaiserreich. Da die Palastwachen des Kaisers, zur Sicherheit und aus Angst vor Anschl\u00e4gen, keine Waffen tragen durften, entwickelte sich aus der alten traditionsreichen Kampfkunst der Samurei, erstmals ein waffenloser Kampfstil &#8211; das Jiu-Jitsu.<\/p>\n<p>&nbsp;<\/p>\n<p><em>Unternehmt hier eine Zeitreise zur Geschichte und Entstehung des Judo:<\/em><\/p>\n<p style=\"text-align: center;\"><strong>1877<\/strong><\/p>\n<p>begann Jigoro Kano das Studium der traditionellen japanischen KampfkunstJiu-Jitsu.<\/p>\n<p style=\"text-align: center;\"><strong>1878\/1879<\/strong><\/p>\n<p>traf Dr. Erwin Otto Eduard B\u00e4lz, der selbst Jiu-Jitsu aus\u00fcbte, auf Jigoro Kano, den er in seinen Bem\u00fchungen unterst\u00fctzt<\/p>\n<p style=\"text-align: center;\"><strong>1882<\/strong><\/p>\n<p style=\"text-align: left;\">entwickelte Jigoro Kano aus Kampf- und Verteidigungsk\u00fcnsten das Judo und f\u00fchrte es offiziell ein. Dabei legte er besonderen Wert auf die geistige und moralische Erziehung der Sportler. Jigoro Kano gr\u00fcndete sein eigenes Dojo und den Kodokan.<\/p>\n<p style=\"text-align: center;\"><strong>1886<\/strong><\/p>\n<p style=\"text-align: left;\">setzte sich Judo, nachdem ein Kampf zwischen dem Kodokan und der traditionellen Jiu-Jitsu-Schule &#8222;Ryoi Shintoryu&#8220; stattfand, erst durch.<br \/>\nIn 30 K\u00e4mpfen siegten die Sch\u00fcler Kanos (zwei K\u00e4mpfe endeten unentschieden, kein einziger Kampf wurde verloren). Nach diesem \u00fcberragenden Sieg verbreitete sich das Judo in Japan mit rasanter Geschwindigkeit. Schon bald wurde Judo bei Polizei und Armee eingef\u00fchrt.<\/p>\n<p style=\"text-align: center;\"><strong>1887<\/strong><\/p>\n<p style=\"text-align: left;\">perfektionierte Jigoro Kano seine Techniken.<\/p>\n<p style=\"text-align: center;\"><strong>1905<\/strong><\/p>\n<p style=\"text-align: left;\">kehrte Dr. B\u00e4lz nach Deutschland zur\u00fcck, wo er f\u00fcr Judo und Jiu-Jitsu warb.<\/p>\n<p style=\"text-align: center;\"><strong>1906<\/strong><\/p>\n<p style=\"text-align: left;\">gr\u00fcndete Erich Rahn die erste Deutsche Jiu-Jitsu-Schule<\/p>\n<p style=\"text-align: center;\"><strong>1910<\/strong><\/p>\n<p style=\"text-align: left;\">unterrichtet Erich Rahn bereits bei der Berliner Kriminalpolizei Jiu-Jitsu<\/p>\n<p style=\"text-align: center;\"><strong>1912<\/strong><\/p>\n<p style=\"text-align: left;\">besucht Jigoro Kano das Erstemal die Schule Erich Rahns<\/p>\n<p style=\"text-align: center;\"><strong>1918<\/strong><\/p>\n<p style=\"text-align: left;\">gr\u00fcndet Gunji Koizumi (1885-1965)\u00a0in London den ersten Judoverein. Dieses Ereignis kann gut als Ausgangspunkt f\u00fcr die Verbreitung des Judo in Europa betrachtet werden. Mit seiner Gr\u00fcndung verbreitete sich diese neue Sportart \u00fcber ganz Europa.<\/p>\n<p style=\"text-align: center;\"><strong>1919<\/strong><\/p>\n<p style=\"text-align: left;\">erfolgt die Einf\u00fchrung des Jiu-Jitsu-Unterrichtes bei der uniformierten Polizei.<\/p>\n<p style=\"text-align: center;\"><strong>1920<\/strong><\/p>\n<p style=\"text-align: left;\">gr\u00fcndete Alfred Rhode den ersten Deutschen Judo-Club in Frankfurt am Main, der allerdings eher Jiu-Jitsu lehrte.<\/p>\n<p style=\"text-align: center;\"><strong>1922<\/strong><\/p>\n<p style=\"text-align: left;\">perfektionierte Jigoro Kano seine spirituellen Wege. Es wurde eine kulturelle Bewegung des Kodokan gegr\u00fcndet, mit der Maxime\u00a0&#8222;Maximale Effektivit\u00e4t, Gegenseitige Achtung und Wohlergehen.<br \/>\nErich Rahn gewann die ersten Deutschen Jiu-Jitsu-Meisterschaften.<br \/>\nGr\u00fcndung des &#8222;Zentralverbandes Deutscher Jiu-Jitsu-K\u00e4mpfer&#8220;.<br \/>\nEs entsteht der erste Berliner Judo-Club (EBJC), gegr\u00fcndet von Alfred Knorr, und der Judo-Club Wiesbaden.<\/p>\n<p style=\"text-align: center;\"><strong>1932<\/strong><\/p>\n<p style=\"text-align: left;\">entstanden in Deutschland an vielen Orten Judovereine, die sich unter Vorsitz von Alfred Rhode zum Deutschen Judoring zusammenschlossen. Noch im selben Jahr fand erstmals die internationale Judo-Sommerschule in Frankfurt am Main statt, auf der zahlreiche japanische Meister die Grundlagen f\u00fcr das gesamte europ\u00e4ische Judo legten.<\/p>\n<p style=\"text-align: center;\"><strong>1933<\/strong><\/p>\n<p style=\"text-align: left;\">besuchte Jigoro Kano Berlin und hielt ein Training an der Humboldt-Universit\u00e4t.<\/p>\n<p style=\"text-align: center;\"><strong>1934<\/strong><\/p>\n<p style=\"text-align: left;\">fanden in Dresden die ersten Europameisterschaften statt. Im Dritten Reich wurde Judo der Schwerathletik unterstellt und \u00e4hnlich wie in Japan als paramilit\u00e4rische Erziehungsma\u00dfnahme missbraucht.<\/p>\n<p style=\"text-align: center;\"><strong>1945-1948<\/strong><\/p>\n<p style=\"text-align: left;\">Nach dem Zweiten Weltkrieg war Judo in Deutschland bis 1948 offiziell verboten.<\/p>\n<p style=\"text-align: center;\"><strong>1949<\/strong><\/p>\n<p style=\"text-align: left;\">wurde in der ehemaligen DDR bereits wieder systematische Aufbauarbeit geleistet, d.h. Judo wurde sofort im Sportausschuss, Abteilung Schwerathletik, eingegliedert.<\/p>\n<p style=\"text-align: center;\"><strong>1950<\/strong><\/p>\n<p style=\"text-align: left;\">fanden die ersten Meisterschaften statt.<\/p>\n<p style=\"text-align: center;\"><strong>1951<\/strong><\/p>\n<p style=\"text-align: left;\">begann mit der Sommerschule das Judoleben in der Bundesrepublik erst wieder.<br \/>\nWurde das Deutsche Dan-Kollegium (DDK) gegr\u00fcndet, welches aufgrund eines Kooperationsvertrages mit dem Kodokan als weltweit einzige Organisation anerkannte Dan-Pr\u00fcfungen durchf\u00fchren durfte. Dieser Vertrag wurde zur 100 Jahr-Feier des Kodokan erneut ratifiziert.<\/p>\n<p style=\"text-align: center;\"><strong>1953<\/strong><\/p>\n<p style=\"text-align: left;\">der Deutschen-Judo-Bund (DJB) wurde als Dachverband gegr\u00fcndet.<\/p>\n<p style=\"text-align: center;\"><strong>1954<\/strong><\/p>\n<p style=\"text-align: left;\">wurde das DDR-Judo in die EJU (European Judo Union) aufgenommen<\/p>\n<p style=\"text-align: center;\"><strong>1956<\/strong><\/p>\n<p style=\"text-align: left;\">findet die erste Judo-Weltmeisterschaft im Judo statt. Der DJB wird durch den Deutschen Sportbund anerkannt.<\/p>\n<p style=\"text-align: center;\"><strong>1957<\/strong><\/p>\n<p style=\"text-align: left;\">viel an einem Verbandstag die Entscheidung, dass das Pr\u00fcf- und Lehrwesen beim DDK bleiben und die \u00fcbrigen Aufgaben durch den DJB wahrgenommen werden.<\/p>\n<p style=\"text-align: center;\"><strong>1964<\/strong><\/p>\n<p style=\"text-align: left;\">Judo wird zur olympischen Disziplin und damit in das Programm der 18. Olympischen Spiele in Tokio aufgenommen.<\/p>\n<p style=\"text-align: center;\"><strong>1965<\/strong><\/p>\n<p style=\"text-align: left;\">seit 1965 werden alle zwei Jahre Weltmeisterschaften in den verschiedenen Gewichtsklassen durchgef\u00fchrt.<\/p>\n<p style=\"text-align: center;\"><strong>1970<\/strong><\/p>\n<p style=\"text-align: left;\">werden die Frauen in der Bundesrepublik Deutschland offiziell als gleichberechtigt anerkannt.\u00a0Im gleichen Jahr findet die erste bundesdeutsche Frauenmeisterschaft statt<\/p>\n<p style=\"text-align: center;\"><strong>1975<\/strong><\/p>\n<p style=\"text-align: left;\">findet die erste Europameisterschaft der Frauen statt.<\/p>\n<p style=\"text-align: center;\"><strong>1980<\/strong><\/p>\n<p style=\"text-align: left;\">seit 1980 k\u00e4mpfen die Damen um Weltmeisterschaftsehren.<\/p>\n<p style=\"text-align: center;\"><strong>1992<\/strong><\/p>\n<p style=\"text-align: left;\">seit 1992 nehmen die Damen an Olympischen Spielen teil.<\/p>\n<p style=\"text-align: left;\"><strong><em>Fazit:<\/em><\/strong> Judo verbreitete sich zun\u00e4chst in Japan und wurde Lehrfach an den Schulen. Allm\u00e4hlich entwickelte sich Judo dann zu einer internationalen Wettkampfsportart, die heute von Millionen Frauen und M\u00e4nnern in allen Erdteilen betrieben wird. Judo ist heute ein dynamischer Kampfsport, olympische Wettkampfdisziplin und als Freizeitsport weit verbreitet. Weltweit gibt es \u00fcber 6 Millionen aktive K\u00e4mpfer, mehr als in jeder anderen Kampfsportart. Der Kodokan, das Weltzentrum des Judo, residiert in einem modernen Hochhaus in Tokio.<\/p>\n<p style=\"text-align: center;\"><strong>\u00a0<\/strong><\/p>\n<table border=\"0\" width=\"1\" cellspacing=\"0\" cellpadding=\"0\">\n<tbody>\n<tr>\n<td valign=\"top\"><\/td>\n<\/tr>\n<\/tbody>\n<\/table>\n<table border=\"0\" width=\"4\" cellspacing=\"0\" cellpadding=\"0\">\n<tbody>\n<tr>\n<td valign=\"top\"><\/td>\n<td valign=\"top\"><\/td>\n<\/tr>\n<\/tbody>\n<\/table>\n","protected":false},"excerpt":{"rendered":"<p>Der Japaner Prof. Jigoro Kano gilt als der Begr\u00fcnder des Judo-Sports. Die Geschichte des Judo beginnt im Japanischen Kaiserreich. Da die Palastwachen des Kaisers, zur Sicherheit und aus Angst vor Anschl\u00e4gen, keine Waffen tragen durften, entwickelte sich aus der alten traditionsreichen Kampfkunst der Samurei, erstmals ein waffenloser Kampfstil &#8211; das Jiu-Jitsu. &nbsp; Unternehmt hier eine [&hellip;]<\/p>\n","protected":false},"author":1,"featured_media":0,"parent":0,"menu_order":2,"comment_status":"closed","ping_status":"open","template":"","meta":{"_et_pb_use_builder":"","_et_pb_old_content":"","_et_gb_content_width":"","footnotes":""},"class_list":["post-27","page","type-page","status-publish","hentry"],"_links":{"self":[{"href":"https:\/\/xn--judo-lbben-feb.de\/index.php?rest_route=\/wp\/v2\/pages\/27","targetHints":{"allow":["GET"]}}],"collection":[{"href":"https:\/\/xn--judo-lbben-feb.de\/index.php?rest_route=\/wp\/v2\/pages"}],"about":[{"href":"https:\/\/xn--judo-lbben-feb.de\/index.php?rest_route=\/wp\/v2\/types\/page"}],"author":[{"embeddable":true,"href":"https:\/\/xn--judo-lbben-feb.de\/index.php?rest_route=\/wp\/v2\/users\/1"}],"replies":[{"embeddable":true,"href":"https:\/\/xn--judo-lbben-feb.de\/index.php?rest_route=%2Fwp%2Fv2%2Fcomments&post=27"}],"version-history":[{"count":3,"href":"https:\/\/xn--judo-lbben-feb.de\/index.php?rest_route=\/wp\/v2\/pages\/27\/revisions"}],"predecessor-version":[{"id":17822,"href":"https:\/\/xn--judo-lbben-feb.de\/index.php?rest_route=\/wp\/v2\/pages\/27\/revisions\/17822"}],"wp:attachment":[{"href":"https:\/\/xn--judo-lbben-feb.de\/index.php?rest_route=%2Fwp%2Fv2%2Fmedia&parent=27"}],"curies":[{"name":"wp","href":"https:\/\/api.w.org\/{rel}","templated":true}]}}