{"id":17840,"date":"2023-03-12T14:01:27","date_gmt":"2023-03-12T13:01:27","guid":{"rendered":"https:\/\/xn--judo-lbben-feb.de\/?page_id=17840"},"modified":"2025-05-23T14:56:24","modified_gmt":"2025-05-23T13:56:24","slug":"vereinsmanager","status":"publish","type":"page","link":"https:\/\/xn--judo-lbben-feb.de\/?page_id=17840","title":{"rendered":"Vereinsorganisator"},"content":{"rendered":"<p>[et_pb_section fb_built=&#8220;1&#8243; _builder_version=&#8220;4.14.1&#8243; _module_preset=&#8220;default&#8220; global_colors_info=&#8220;{}&#8220;][et_pb_row column_structure=&#8220;1_2,1_2&#8243; _builder_version=&#8220;4.14.1&#8243; _module_preset=&#8220;default&#8220; global_colors_info=&#8220;{}&#8220;][et_pb_column type=&#8220;1_2&#8243; _builder_version=&#8220;4.14.1&#8243; _module_preset=&#8220;default&#8220; global_colors_info=&#8220;{}&#8220;][et_pb_image src=&#8220;https:\/\/xn--judo-lbben-feb.de\/wp-content\/uploads\/2023\/03\/Vereinsorganisator.png&#8220; title_text=&#8220;Vereinsorganisator&#8220; align=&#8220;center&#8220; _builder_version=&#8220;4.14.1&#8243; _module_preset=&#8220;default&#8220; global_colors_info=&#8220;{}&#8220;][\/et_pb_image][\/et_pb_column][et_pb_column type=&#8220;1_2&#8243; _builder_version=&#8220;4.14.1&#8243; _module_preset=&#8220;default&#8220; global_colors_info=&#8220;{}&#8220;][et_pb_text _builder_version=&#8220;4.14.1&#8243; _module_preset=&#8220;default&#8220; global_colors_info=&#8220;{}&#8220;]<\/p>\n<p><span style=\"color: #800000;\">Liebe Eltern, liebe Mitglieder,<\/span><\/p>\n<p><span style=\"color: #800000;\">f\u00fcr die Organisation der Termine und Wettk\u00e4mpfe m\u00f6chten wir zunehmend den \u201eVereinsorganisator\u201c nutzen. Dies erm\u00f6glicht einen besseren \u00dcberblick f\u00fcr das Trainerteam.<\/span><\/p>\n<p><span style=\"color: #800000;\">Der Zugriff erfolgt \u00fcber eine App auf dem Telefon (\u201eVereinsorganisator\u201c) oder \u00fcber den Webzugang (www.vereinsorganisator.de).<\/span><\/p>\n<p><span style=\"color: #800000;\">Um die Anmeldung Ihrerseits abschlie\u00dfen zu k\u00f6nnen, ben\u00f6tigen wir Ihre Mail-Adresse. Dazu f\u00fcllen Sie bitte das unten aufgef\u00fchrte Dokument aus. Sie erhalten dann einen Einladungslink vom Trainerteam, mit dem Sie sich registrieren k\u00f6nnen.<\/span><\/p>\n<p><span style=\"color: #800000;\">Der \u201eVereinsmanager\u201c ist freiwillig. Wir w\u00fcrden uns \u00fcber Ihre Teilnahme freuen!<\/span><\/p>\n<p style=\"text-align: right;\"><span style=\"color: #800000;\"><a style=\"color: #800000;\" href=\"https:\/\/xn--judo-lbben-feb.de\/wp-content\/uploads\/2023\/03\/Anmeldung-Vereinsmanager.pdf\" rel=\"attachment wp-att-17846\">Hier<\/a><\/span><em><span style=\"color: #800000;\"><a style=\"color: #800000;\" href=\"https:\/\/xn--judo-lbben-feb.de\/wp-content\/uploads\/2023\/03\/Anmeldung-Vereinsorganisator.pdf\" rel=\"attachment wp-att-17846\"> Anmeldung Vereinsorganisator<\/a><\/span><\/em><\/p>\n<p>[\/et_pb_text][\/et_pb_column][\/et_pb_row][\/et_pb_section]<\/p>\n","protected":false},"excerpt":{"rendered":"<p>Liebe Eltern, liebe Mitglieder, f\u00fcr die Organisation der Termine und Wettk\u00e4mpfe m\u00f6chten wir zunehmend den \u201eVereinsorganisator\u201c nutzen. Dies erm\u00f6glicht einen besseren \u00dcberblick f\u00fcr das Trainerteam. Der Zugriff erfolgt \u00fcber eine App auf dem Telefon (\u201eVereinsorganisator\u201c) oder \u00fcber den Webzugang (www.vereinsorganisator.de). Um die Anmeldung Ihrerseits abschlie\u00dfen zu k\u00f6nnen, ben\u00f6tigen wir Ihre Mail-Adresse. Dazu f\u00fcllen Sie bitte [&hellip;]<\/p>\n","protected":false},"author":1,"featured_media":0,"parent":0,"menu_order":0,"comment_status":"closed","ping_status":"closed","template":"","meta":{"_et_pb_use_builder":"on","_et_pb_old_content":"","_et_gb_content_width":"","footnotes":""},"class_list":["post-17840","page","type-page","status-publish","hentry"],"_links":{"self":[{"href":"https:\/\/xn--judo-lbben-feb.de\/index.php?rest_route=\/wp\/v2\/pages\/17840","targetHints":{"allow":["GET"]}}],"collection":[{"href":"https:\/\/xn--judo-lbben-feb.de\/index.php?rest_route=\/wp\/v2\/pages"}],"about":[{"href":"https:\/\/xn--judo-lbben-feb.de\/index.php?rest_route=\/wp\/v2\/types\/page"}],"author":[{"embeddable":true,"href":"https:\/\/xn--judo-lbben-feb.de\/index.php?rest_route=\/wp\/v2\/users\/1"}],"replies":[{"embeddable":true,"href":"https:\/\/xn--judo-lbben-feb.de\/index.php?rest_route=%2Fwp%2Fv2%2Fcomments&post=17840"}],"version-history":[{"count":11,"href":"https:\/\/xn--judo-lbben-feb.de\/index.php?rest_route=\/wp\/v2\/pages\/17840\/revisions"}],"predecessor-version":[{"id":21952,"href":"https:\/\/xn--judo-lbben-feb.de\/index.php?rest_route=\/wp\/v2\/pages\/17840\/revisions\/21952"}],"wp:attachment":[{"href":"https:\/\/xn--judo-lbben-feb.de\/index.php?rest_route=%2Fwp%2Fv2%2Fmedia&parent=17840"}],"curies":[{"name":"wp","href":"https:\/\/api.w.org\/{rel}","templated":true}]}}

<p>[et_pb_section fb_built=&#8220;1&#8243; _builder_version=&#8220;4.14.1&#8243; _module_preset=&#8220;default&#8220; global_colors_info=&#8220;{}&#8220;][et_pb_row column_structure=&#8220;1_2,1_2&#8243; _builder_version=&#8220;4.14.1&#8243; _module_preset=&#8220;default&#8220; global_colors_info=&#8220;{}&#8220;][et_pb_column type=&#8220;1_2&#8243; _builder_version=&#8220;4.14.1&#8243; _module_preset=&#8220;default&#8220; global_colors_info=&#8220;{}&#8220;][et_pb_image src=&#8220;https://xn--judo-lbben-feb.de/wp-content/uploads/2023/03/Vereinsorganisator.png&#8220; title_text=&#8220;Vereinsorganisator&#8220; align=&#8220;center&#8220; _builder_version=&#8220;4.14.1&#8243; _module_preset=&#8220;default&#8220; global_colors_info=&#8220;{}&#8220;][/et_pb_image][/et_pb_column][et_pb_column type=&#8220;1_2&#8243; _builder_version=&#8220;4.14.1&#8243; _module_preset=&#8220;default&#8220; global_colors_info=&#8220;{}&#8220;][et_pb_text _builder_version=&#8220;4.14.1&#8243; _module_preset=&#8220;default&#8220; global_colors_info=&#8220;{}&#8220;]</p>
<p><span style="color: #800000;">Liebe Eltern, liebe Mitglieder,</span></p>
<p><span style="color: #800000;">für die Organisation der Termine und Wettkämpfe möchten wir zunehmend den „Vereinsorganisator“ nutzen. Dies ermöglicht einen besseren Überblick für das Trainerteam.</span></p>
<p><span style="color: #800000;">Der Zugriff erfolgt über eine App auf dem Telefon („Vereinsorganisator“) oder über den Webzugang (www.vereinsorganisator.de).</span></p>
<p><span style="color: #800000;">Um die Anmeldung Ihrerseits abschließen zu können, benötigen wir Ihre Mail-Adresse. Dazu füllen Sie bitte das unten aufgeführte Dokument aus. Sie erhalten dann einen Einladungslink vom Trainerteam, mit dem Sie sich registrieren können.</span></p>
<p><span style="color: #800000;">Der „Vereinsmanager“ ist freiwillig. Wir würden uns über Ihre Teilnahme freuen!</span></p>
<p style="text-align: right;"><span style="color: #800000;"><a style="color: #800000;" href="https://xn--judo-lbben-feb.de/wp-content/uploads/2023/03/Anmeldung-Vereinsmanager.pdf" rel="attachment wp-att-17846">Hier</a></span><em><span style="color: #800000;"><a style="color: #800000;" href="https://xn--judo-lbben-feb.de/wp-content/uploads/2023/03/Anmeldung-Vereinsorganisator.pdf" rel="attachment wp-att-17846"> Anmeldung Vereinsorganisator</a></span></em></p>
<p>[/et_pb_text][/et_pb_column][/et_pb_row][/et_pb_section]</p>

<p>Liebe Eltern, liebe Mitglieder, für die Organisation der Termine und Wettkämpfe möchten wir zunehmend den „Vereinsorganisator“ nutzen. Dies ermöglicht einen besseren Überblick für das Trainerteam. Der Zugriff erfolgt über eine App auf dem Telefon („Vereinsorganisator“) oder über den Webzugang (www.vereinsorganisator.de). Um die Anmeldung Ihrerseits abschließen zu können, benötigen wir Ihre Mail-Adresse. Dazu füllen Sie bitte [&hellip;]</p>
