{"id":12888,"date":"2018-02-21T15:45:07","date_gmt":"2018-02-21T14:45:07","guid":{"rendered":"http:\/\/xn--judo-lbben-feb.de\/?page_id=12888"},"modified":"2020-04-21T09:03:15","modified_gmt":"2020-04-21T08:03:15","slug":"2018-2","status":"publish","type":"page","link":"https:\/\/xn--judo-lbben-feb.de\/?page_id=12888","title":{"rendered":"2018"},"content":{"rendered":"<p><span style=\"color: #ff0000;\"><strong>27.\/28. Januar 2018&nbsp;&nbsp; Landesmeisterschaften der U15\/U18 in Strausberg<\/strong><\/span><\/p>\n<p><span style=\"color: #993366;\"><strong>1.Platz<\/strong><\/span><\/p>\n<p>Elisa Rudnik bis 40kg(U15)<\/p>\n<p><span style=\"color: #993366;\"><strong>2.Platz<\/strong><\/span><\/p>\n<p>Melissa Stoye bis 36kg(U15)<\/p>\n<p><span style=\"color: #993366;\"><strong>3.Platz<\/strong><\/span><\/p>\n<p>Fabian Kettlitz bis 81kg(U18)<\/p>\n<p><span style=\"color: #993366;\"><strong>5.Pl\u00e4tze<\/strong><\/span><\/p>\n<p>Sarah Rudnik bis 52kg(U18), Miriam Stoye bis 57kg(U18), Dominique Vierling bis 55kg(U18)<\/p>\n<p>&nbsp;<\/p>\n<p><span style=\"color: #ff0000;\"><strong>17.\/18. Februar 2018&nbsp; &nbsp;Nord-Ost-Deutsche Meisterschaften der U15\/U18 in Greifswald<br \/>\n<\/strong><\/span><\/p>\n<p><strong>&nbsp;<span style=\"color: #993366;\">2.<\/span><\/strong><span style=\"color: #993366;\"><strong>Platz<\/strong><\/span><\/p>\n<p>Elisa Rudnik bis 40kg(U15)<\/p>\n<p><span style=\"color: #993366;\"><strong>Weitere L\u00fcbbener Teilnehmer:<\/strong><\/span><\/p>\n<p>Fabian Kettlitz<\/p>\n<p>&nbsp;<\/p>\n<p><span style=\"color: #ff0000;\"><strong>24.02.2018&nbsp; &nbsp;Anf\u00e4ngerturnier in Senftenberg<\/strong><\/span><\/p>\n<p><span style=\"color: #993366;\"><strong>1.Pl\u00e4tze<\/strong><\/span><\/p>\n<p>Lind Kettlitz, Piet Hampusch<\/p>\n<p><span style=\"color: #993366;\"><strong>2.Pl\u00e4tze<\/strong><\/span><\/p>\n<p>Jonas Rick, Loris Gra\u00dfmann, Philipp Lehmann, Jemaine Mischak<\/p>\n<p><span style=\"color: #993366;\"><strong>3.Platz<\/strong><\/span><\/p>\n<p>Henrik Groth<\/p>\n<p>&nbsp;<\/p>\n<p><strong><span style=\"color: #ff0000;\">03.03.2018&nbsp; &nbsp;Internationaler Kirschbl\u00fctencup Spremberg<\/span><\/strong><\/p>\n<p><span style=\"color: #993366;\"><strong>3.Pl\u00e4tze<\/strong><\/span><\/p>\n<p>Julia Richter bis 26kg(U11), Linda Kettlitz bis 40kg(U11)<\/p>\n<p><strong><span style=\"color: #993366;\">5.Pl\u00e4tze<\/span><\/strong><\/p>\n<p>Malin Streicher bis 28kg(U11), Erich B\u00f6ttcher bis 42kg(U11)<\/p>\n<p><strong><span style=\"color: #993366;\">Weitere L\u00fcbbener Teilnehmer:<\/span><\/strong><\/p>\n<p>Piet Hampusch, Erik Rechenberger, Loris Gra\u00dfmann<\/p>\n<p>&nbsp;<\/p>\n<p><strong><span style=\"color: #ff0000;\">17.\/18.03.2018&nbsp; &nbsp;Spreewaldpokal L\u00fcbben(Sa. 318 Teiln.U9-U13\/So. Teiln.134, U15-U21\/gesamt:452 aus 38 Vereinen)<\/span><\/strong><\/p>\n<p><strong><span style=\"color: #993366;\">1.Pl\u00e4tze<\/span><\/strong><\/p>\n<p>Julia Bleich bis 33kg(U9), Leonhard Hampusch bis 37kg(U11), Florian Ziffus bis 46kg(U11), Elisa Rudnik bis 40 &amp; 44kg(U15), Miriam Stoye bis 52kg(U18 &amp; U21), Angelina Wilke bis 63kg(U18), Dominique Vierling bis 55kg(U18), Lucian Roscheck bis 81kg(U18), Paul Nitsch bis 100kg(U21)<\/p>\n<p><strong><span style=\"color: #993366;\">2.Pl\u00e4tze<\/span><\/strong><\/p>\n<p>Marlon Gro\u00dfe bis 28kg(U9), Julia Richter bis 24kg(U11), Malin Streicher bis 26kg(U11), Loris Gra\u00dfmann bis 37kg(U11), Erich B\u00f6ttcher bis 40kg(U11), Melissa Stoye bis 36kg(U15)<\/p>\n<p><strong><span style=\"color: #993366;\">3.Pl\u00e4tze<\/span><\/strong><\/p>\n<p>Piet Hampusch bis 25kg(U9), Leonas Hornig bis 34kg(U9), Loreley Sturm bis 33kg(U11), Jemaine Mischak bis 23kg(U11), Alexander Welkisch bis 25kg(U11), Catharina Vierling bis 36kg(U13), Julius Streicher bis 40kg(U13), Sophie Jeschke bis 44kg(U15), Samantha Koschinski bis 57kg(U15), Matthew Wilke bis 50kg(U15), Sarah Rudnik bis 52kg(U18 &amp; U21), Elise P\u00f6schla bis 57kg(U18)<\/p>\n<p><strong><span style=\"color: #993366;\">5.Pl\u00e4tze<\/span><\/strong><\/p>\n<p>Lukas Melcher bis 31kg(U11), Erik Rechenberger bis 34kg(U11), Henrik Groth bis 37kg(U11), Jonas Melcher bis 50kg(U13)<\/p>\n<p><strong><span style=\"color: #993366;\">Weitere L\u00fcbbener Teilnehmer:<\/span><\/strong><\/p>\n<p>Theo Branzke, Henning G\u00fcnther, Linda Kettlitz, Philipp Lehmann, Justin Lehmann, Felix Rheinhardt, Pascal Kositz, Karl Kolwitz<\/p>\n<p><span style=\"color: #993366;\"><strong>4. Platz Mannschaftswertung am Samstag und 2. Platz am Sonntag<\/strong><\/span><\/p>\n<p>&nbsp;<\/p>\n<p><strong><span style=\"color: #ff0000;\">21.\/22.04.2018&nbsp; &nbsp;Sparkassencup Strausberg<\/span><\/strong><\/p>\n<p><strong><span style=\"color: #993366;\">1.Pl\u00e4tze<\/span><\/strong><\/p>\n<p>Piet Hampusch bis 26kg(U9), Melissa Stoye bis 36kg(U15), Angelina Wilke bis 63kg(U18)<\/p>\n<p><strong><span style=\"color: #993366;\">2.Pl\u00e4tze<\/span><\/strong><\/p>\n<p>Julia Bleich bis 32kg(U9), Elisa Rudnik bis 40kg(U15)<\/p>\n<p><span style=\"color: #993366;\"><strong>3.Pl\u00e4tze<\/strong><\/span><\/p>\n<p>Julia Richter bis 24kg(U11), Linda Kettlitz bis 40kg(U11), Erik Rechenberger bis 34kg(U11), Fabian Kettlitz bis 81kg(U18)<\/p>\n<p><strong><span style=\"color: #993366;\">5.Platz<\/span><\/strong><\/p>\n<p>Samantha Koschinski bis 57kg(U15)<\/p>\n<p><strong><span style=\"color: #993366;\">Weitere L\u00fcbbener Teilnehmer:<\/span><\/strong><\/p>\n<p>Julius Streicher, Matthew Wilke<\/p>\n<p>&nbsp;<\/p>\n<p><span style=\"color: #ff0000;\"><strong>05.\/06.05.2018&nbsp; &nbsp;Pokalturnier Gro\u00dfr\u00e4schen<\/strong><\/span><\/p>\n<p><span style=\"color: #993366;\"><strong>1.Pl\u00e4tze<\/strong><\/span><\/p>\n<p>Julia Bleich bis 33kg(U9), Samantha Koschinski bis 63kg(U15), Miriam Stoye bis 52kg(U18), Angelina Wilke bis 70kg(U18)<\/p>\n<p><span style=\"color: #993366;\"><strong>2.Pl\u00e4tze<\/strong><\/span><\/p>\n<p>Piet Hampusch bis 26,5kg(U9), Julia Richter bis 27,5kg(U11), Erik Rechenberger bis 34kg(U11), Julius Streicher bis 41kg(U13), Fabian Kettlitz bis 81kg(U18)<\/p>\n<p><span style=\"color: #993366;\"><strong>3.Pl\u00e4tze<\/strong><\/span><\/p>\n<p>Linda Kettlitz bis 40kg(U11), Erich B\u00f6ttcher bis 42kg(U11), Karl Kolwitz bis 49kg(U13), Sarah Rudnik bis 57kg(U18)<\/p>\n<p><span style=\"color: #993366;\"><strong>5.Platz<\/strong><\/span><\/p>\n<p>Philipp Lehmann bis 29,5kg(U11)<\/p>\n<p>&nbsp;<\/p>\n<p><strong><span style=\"color: #ff0000;\">09.\/10.06.2018&nbsp; &nbsp;Pokal der Optik in Rathenow<\/span><\/strong><\/p>\n<p><strong><span style=\"color: #993366;\">1.Pl\u00e4tze<\/span><\/strong><\/p>\n<p>Julia Richter bis 26kg(U11), Loris Gra\u00dfmann bis 40kg(U11), Melissa Stoye bis 36kg(U15), Elisa Rudnik bis 44kg(U15), Sophie Jeschke bis 48kg(U15), Miriam Stoye bis 52kg(U17)<\/p>\n<p><strong><span style=\"color: #993366;\">2.Platz<\/span><\/strong><\/p>\n<p>Sarah Rudnik bis 52kg(U17)<\/p>\n<p><strong><span style=\"color: #993366;\">3.Platz<\/span><\/strong><\/p>\n<p>Erik Rechenberger bis 34kg(U11)<\/p>\n<p><strong><span style=\"color: #993366;\">5.Platz<\/span><\/strong><\/p>\n<p>Piet Hampusch bis 28kg(U9), Dominique Vierling bis 55kg(U17)<\/p>\n<p>&nbsp;<\/p>\n<p><strong><span style=\"color: #ff0000;\">09.06.2018&nbsp; &nbsp;Internationaler Tuzla-Cup Berlin<\/span><\/strong><\/p>\n<p><strong><span style=\"color: #993366;\">2. Platz<\/span><\/strong><\/p>\n<p>Fabian Kettlitz bis 81kg(U18)<\/p>\n<p><span style=\"color: #993366;\"><strong>3. Platz<\/strong><\/span><\/p>\n<p>Miriam Stoye bis 52kg(U18)<\/p>\n<p><strong><span style=\"color: #993366;\">5. Platz<\/span><\/strong><\/p>\n<p>Sarah Rudnik bis 52kg(U18)<\/p>\n<p>&nbsp;<\/p>\n<p><strong><span style=\"color: #ff0000;\">23.06.2018&nbsp; &nbsp;BTU-Cup Cottbus<\/span><\/strong><\/p>\n<p><strong><span style=\"color: #993366;\">1.Pl\u00e4tze<\/span><\/strong><\/p>\n<p>Julia Richter bis 26kg(U11), Elisa Rudnik bis 44kg(U15)<\/p>\n<p><strong><span style=\"color: #993366;\">2. Pl\u00e4tze<\/span><\/strong><\/p>\n<p>Erik Rechenberger bis 34kg(U11), Sophie Jeschke bis 48kg(U15)<\/p>\n<p><span style=\"color: #993366;\"><strong>3.Pl\u00e4tze<\/strong><\/span><\/p>\n<p>Loris Gra\u00dfmann bis 37kg(U11), Jonas Melcher bis 55kg(U13), Melissa Stoye bis 40kg(U11)<\/p>\n<p><strong><span style=\"color: #993366;\">5. Pl\u00e4tze<\/span><\/strong><\/p>\n<p>Piet Hampusch bis 26kg(U9), Karl Kolwitz bis 50kg(U13)<\/p>\n<p><strong><span style=\"color: #993366;\">Weitere L\u00fcbbener Teilnehmer:<\/span> <\/strong>Philipp Lehmann<\/p>\n<p>&nbsp;<\/p>\n<p><strong><span style=\"color: #ff0000;\">30.06.2018&nbsp; &nbsp;Landesjugendspiele der U13 in Brandenburg<\/span><\/strong><\/p>\n<p><strong><span style=\"color: #993366;\">5. Platz<\/span><\/strong><\/p>\n<p>Julius Streicher bis 43kg(U13)<\/p>\n<p>&nbsp;<\/p>\n<p><span style=\"color: #ff0000;\"><strong>01.09.2018 &nbsp; Anf\u00e4ngerturnier <span style=\"text-align: left; text-transform: none; line-height: 24px; text-indent: 0px; letter-spacing: normal; font-family: Georgia,'Times New Roman','Bitstream Charter',Times,serif; font-size: 16px; font-style: normal; font-variant: normal; text-decoration: none; word-spacing: 0px; display: inline !important; white-space: normal; word-wrap: break-word; orphans: 2; float: none; -webkit-text-stroke-width: 0px; background-color: transparent;\">U7 bis U11 <\/span>in Vetschau<\/strong> <\/span><\/p>\n<p><span style=\"color: #993366;\"><strong>1. Pl\u00e4tze<\/strong><\/span><\/p>\n<p>Leonas Hornig(U9), Linda Kettlitz(U11), Cheryl Fomunyam(U11), Nelly Hampusch(U11)<\/p>\n<p><strong><span style=\"color: #993366;\">2. Pl\u00e4tze<\/span><\/strong><\/p>\n<p>Erik Maa\u00df(U7), Niels Mann(U11)<\/p>\n<p><span style=\"color: #993366;\"><strong>3. Pl\u00e4tze<\/strong><\/span><\/p>\n<p>Piet Hampusch(U9), Lennard Lindt(U9), Nicolas W\u00e4gner(U9)<\/p>\n<p>&nbsp;<\/p>\n<p><span style=\"color: #ff0000;\"><strong>1.\/2. 09.2018 &nbsp; Mazda-Cup in Potsdam<\/strong><\/span><\/p>\n<p><strong><span style=\"color: #993366;\">2. Pl\u00e4tze<\/span><\/strong><\/p>\n<p>Erik Rechenberger bis 37kg(U11), Miriam Stoye bis 52kg(U18)<\/p>\n<p><span style=\"color: #993366;\"><strong>3. Pl\u00e4tze<\/strong><\/span><\/p>\n<p>Julia Richter bis 26kg(U11), Melissa Stoye bis 40kg(U15), Elisa Rudnik bis 44kg(U15)<\/p>\n<p><strong><span style=\"color: #993366;\">5. Pl\u00e4tze<\/span><\/strong><\/p>\n<p>Samantha Koschinski bis 63kg(U15), Fabian Kettlitz bis 81kg(U18)<\/p>\n<p>&nbsp;<\/p>\n<p><span style=\"color: #ff0000;\"><strong>22. September 2018&nbsp; &nbsp;Kyoko-Pokal in Peitz U9-U13<\/strong><\/span><\/p>\n<p><span style=\"color: #993366;\"><strong>3. Pl\u00e4tze<\/strong><\/span><\/p>\n<p>Leonas Hornig bis 38kg(U9), Erik Rechenberger bis 38kg(U11), Julius Streicher bis 42kg(U13), Karl Kolwitz bis 50kg(U13)<\/p>\n<p>&nbsp;<\/p>\n<p><span style=\"color: #ff0000;\"><strong>23. September 2018&nbsp; &nbsp; 43. Silberner Roland in Brandenburg U15\/U18<\/strong><\/span><\/p>\n<p><span style=\"color: #993366;\"><strong>2. Platz<\/strong><\/span><\/p>\n<p>Elisa Rudnik bis 44kg(U15)<\/p>\n<p><span style=\"color: #993366;\"><strong>3. Pl\u00e4tze<\/strong><\/span><\/p>\n<p>Miriam Stoye bis 52kg(U18), Sarah Rudnik bis 57kg(U18)<\/p>\n<p><span style=\"color: #993366;\"><strong>5. Platz<\/strong><\/span><\/p>\n<p>Angelina Wilke bis 63kg(U18)<\/p>\n<p>&nbsp;<\/p>\n<p><span style=\"color: #ff0000;\"><strong>29. September 2018&nbsp; &nbsp;Pokalturnier in Lauchhammer U9-U14 (290 Teilnehmer\/23 Vereine)<\/strong><\/span><\/p>\n<p><span style=\"color: #993366;\"><strong>1. Pl\u00e4tze<\/strong><\/span><\/p>\n<p>Julia Bleich bis 35kg(U9), Piet Hampusch bis 29kg(U9)<\/p>\n<p><span style=\"color: #993366;\"><strong>3. Pl\u00e4tze<\/strong><\/span><\/p>\n<p>Marlon Gro\u00dfe bis 31kg(U9), Leonas Hornig bis 37kg(U9), Julia Richter bis 29kg(U11), Cheryl Fomunyam \u00fcber 46kg(U11), Erik Rechenberger bis 38kg(U11)<\/p>\n<p><span style=\"color: #993366;\"><strong>5. Pl\u00e4tze<\/strong><\/span><\/p>\n<p>Nelly Hampusch \u00fcber 46kg(U11), Loris Gra\u00dfmann bis 42kg(U11), Melissa Stoye bis 40kg(U14)<\/p>\n<p><span style=\"color: #993366;\"><strong>Weitere L\u00fcbbener Teilnehmer:<\/strong>&nbsp;<\/span>Leona Fomunyam, Philipp Lehmann,&nbsp;Julius Streicher, Jonas Melcher<\/p>\n<p>&nbsp;<\/p>\n<p><strong><span style=\"color: #ff0000;\">20. Oktober&nbsp;<\/span><\/strong><strong><span style=\"color: #ff0000;\">2018&nbsp; &nbsp;30. Seepokalturnier in Senftenberg U9 bis U18(160 Teiln.\/24 Vereine)<\/span><\/strong><\/p>\n<p><span style=\"color: #993366;\"><strong>1. Pl\u00e4tze<\/strong><\/span><\/p>\n<p>Julia Bleich bis 36kg(U9), Julia Richter bis 28kg(U11), Karl Kolwitz bis 50kg(U13), Elisa Rudnik bis 44kg(U15), Sophie Jeschke bis 48kg(U15)<\/p>\n<p><span style=\"color: #993366;\"><strong>2. Pl\u00e4tze<\/strong><\/span><\/p>\n<p>Erik Rechenberger bis 37kg(U11), Julius Streicher bis 43kg(U13), Anna Maa\u00df bis 40kg(U15), Miriam Stoye bis 52kg(U18), Fabian Kettlitz bis 81kg(U18)<\/p>\n<p><span style=\"color: #993366;\"><strong>3. Pl\u00e4tze<\/strong><\/span><\/p>\n<p>Linda Kettlitz bis 40kg(U11), Nelly Hampusch \u00fcber 57kg(U11), Sarah Rudnik bis 57kg(U18), Angelina Wilke bis 63kg(U18)<\/p>\n<p><strong><span style=\"color: #993366;\">5. Pl\u00e4tze<\/span><\/strong><\/p>\n<p>Piet Hampusch bis 28kg(U9)<\/p>\n<p><strong><span style=\"color: #993366;\">3. Platz in der Mannschaftswertung<\/span><\/strong><\/p>\n<p>&nbsp;<\/p>\n<p><strong><span style=\"color: #ff0000;\">10.\/11. September 2018&nbsp; &nbsp;18. Hellmannpokal Vetschau<\/span><\/strong><\/p>\n<p><strong><span style=\"color: #993366;\">1 . Pl\u00e4tze<\/span><\/strong><\/p>\n<p>Piet Hampusch bis 28kg(U9), Erik Rechenberger bis 37kg(U11), Erich B\u00f6ttcher bis 43kg(U11), Elisa Rudnik bis 44kg(U15), Miriam Stoye bis 52kg(U18), Fabian Kettlitz bis 81kg(U18), Fabian Kettlitz bis 88,2kg(M\u00e4nner)<\/p>\n<p><strong><span style=\"color: #993366;\">2. Pl\u00e4tze<\/span><\/strong><\/p>\n<p>Julia Bleich bis 36kg(U9), Leonas Hornig bis 36kg(U9), Julia Richter bis 28kg(U11), Nelly Hampusch \u00fcber 48kg(U11), Julius Streicher bis 43kg(U13), Karl Kolwitz bis 50kg(U13), Melissa Stoye bis 40kg(U15), Sarah Rudnik bis 57kg(U18), Angelina Wilke bis 63kg(U18)<\/p>\n<p><span style=\"color: #993366;\"><strong>3. Pl\u00e4tze<\/strong><\/span><\/p>\n<p>Loris Gra\u00dfmann bis 40kg(U11), Niels Mann bis 43kg(U11), Anna Maa\u00df bis 40kg(U15), Paul Nitsch bis 98kg(M\u00e4nner)<\/p>\n<p><strong><span style=\"color: #993366;\">4. Platz in der Mannschaftswertung am 1. Tag (U9 &#8211; U13)<\/span><\/strong><\/p>\n<p><strong><span style=\"color: #993366;\">5. Platz in der Mannschaftswertung am 2. Tag (ab U15)<\/span><\/strong><\/p>\n<p>&nbsp;<\/p>\n<p><strong><span style=\"color: #ff0000;\">24. November 2018&nbsp; &nbsp;Pokalturnier in Falkensee<\/span><\/strong><\/p>\n<p><span style=\"color: #993366;\"><strong>1. Platz<\/strong><\/span><\/p>\n<p>Fabian Kettlitz bis 81kg(U18)<\/p>\n<p><span style=\"color: #993366;\"><strong>3. Pl\u00e4tze<\/strong><\/span><\/p>\n<p>Erik Rechenberger bis 37kg(U11), Fabian Kettlitz bis 81kg(M\u00e4nner)<\/p>\n<p>&nbsp;<\/p>\n<p><span style=\"color: #ff0000;\"><strong>1. Dezember 2018&nbsp; &nbsp; Mammutcup in Spremberg U9\/U11<\/strong><\/span><\/p>\n<p><strong><span style=\"color: #993366;\">1. Platz<\/span><\/strong><\/p>\n<p>Julia Bleich (U9)<\/p>\n<p><strong><span style=\"color: #993366;\">2. Pl\u00e4tze<\/span><\/strong><\/p>\n<p>Piet Hampusch(U9), Julia Richter(U11), Nelly Hampusch(U11)<\/p>\n<p><strong><span style=\"color: #993366;\">3. Pl\u00e4tze<\/span><\/strong><\/p>\n<p>Cheryl Fomunyam(U11), Erik Rechenberger(U11), Niels Mann(U11)<\/p>\n<p><strong><span style=\"color: #993366;\">5. Platz<\/span><\/strong><\/p>\n<p>Leona Fomunyam(U11)<\/p>\n<p>&nbsp;<\/p>\n<p><strong><span style=\"color: #ff0000;\">2. Dezember 2018&nbsp; &nbsp;Sch\u00fclermasters in Spremberg U13\/U15<\/span><\/strong><\/p>\n<p><strong><span style=\"color: #993366;\">2. Pl\u00e4tze<\/span><\/strong><\/p>\n<p>Julius Streicher bis 43kg(U13), Elisa Rudnik bis 44kg(U15)<\/p>\n<p>&nbsp;<\/p>\n<p><strong><span style=\"color: #ff0000;\">8.\/9. Dezember 2018&nbsp; &nbsp;Weihnachtsturnier in K\u00f6nigs Wusterhausen(700 Teiln.\/50 Vereine)<\/span><\/strong><\/p>\n<p><strong><span style=\"color: #993366;\">1.Pl\u00e4tze<\/span><\/strong><\/p>\n<p>Erik Maa\u00df bis 20,8kg(U7), Piet Hampusch bis 27,9kg(U8), Elisa Rudnik bis 44kg(U15), Miriam Stoye bis 52kg(U18), Sarah Rudnik bis 57kg(U18)<\/p>\n<p><strong><span style=\"color: #993366;\">2. Pl\u00e4tze<\/span><\/strong><\/p>\n<p>Leonas Hornig bis 37,7kg(U9), Linda Kettlitz bis 40kg(U11), Erik Rechenberger bis 37kg(U11), Melissa Stoye bis 40kg(U15), Anna Maa\u00df bis 44kg(U15), Fabian Kettlitz bis 81kg(U18)<\/p>\n<p><strong><span style=\"color: #993366;\">3. Pl\u00e4tze<\/span><\/strong><\/p>\n<p>Nelly Hampusch \u00fcber 48kg(U11), Lucian Roscheck bis 90kg(U18)<\/p>\n<p><strong><span style=\"color: #993366;\">Weitere L\u00fcbbener Teilnehmer:<\/span><\/strong><\/p>\n<p>Loris Gra\u00dfmann<\/p>\n<p>&nbsp;<\/p>\n<p><strong><span style=\"color: #993366;\">&nbsp;<\/span><\/strong><\/p>\n","protected":false},"excerpt":{"rendered":"<p>27.\/28. Januar 2018&nbsp;&nbsp; Landesmeisterschaften der U15\/U18 in Strausberg 1.Platz Elisa Rudnik bis 40kg(U15) 2.Platz Melissa Stoye bis 36kg(U15) 3.Platz Fabian Kettlitz bis 81kg(U18) 5.Pl\u00e4tze Sarah Rudnik bis 52kg(U18), Miriam Stoye bis 57kg(U18), Dominique Vierling bis 55kg(U18) &nbsp; 17.\/18. Februar 2018&nbsp; &nbsp;Nord-Ost-Deutsche Meisterschaften der U15\/U18 in Greifswald &nbsp;2.Platz Elisa Rudnik bis 40kg(U15) Weitere L\u00fcbbener Teilnehmer: Fabian [&hellip;]<\/p>\n","protected":false},"author":2,"featured_media":0,"parent":395,"menu_order":2,"comment_status":"closed","ping_status":"closed","template":"","meta":{"_et_pb_use_builder":"","_et_pb_old_content":"","_et_gb_content_width":"","footnotes":""},"class_list":["post-12888","page","type-page","status-publish","hentry"],"_links":{"self":[{"href":"https:\/\/xn--judo-lbben-feb.de\/index.php?rest_route=\/wp\/v2\/pages\/12888","targetHints":{"allow":["GET"]}}],"collection":[{"href":"https:\/\/xn--judo-lbben-feb.de\/index.php?rest_route=\/wp\/v2\/pages"}],"about":[{"href":"https:\/\/xn--judo-lbben-feb.de\/index.php?rest_route=\/wp\/v2\/types\/page"}],"author":[{"embeddable":true,"href":"https:\/\/xn--judo-lbben-feb.de\/index.php?rest_route=\/wp\/v2\/users\/2"}],"replies":[{"embeddable":true,"href":"https:\/\/xn--judo-lbben-feb.de\/index.php?rest_route=%2Fwp%2Fv2%2Fcomments&post=12888"}],"version-history":[{"count":32,"href":"https:\/\/xn--judo-lbben-feb.de\/index.php?rest_route=\/wp\/v2\/pages\/12888\/revisions"}],"predecessor-version":[{"id":14403,"href":"https:\/\/xn--judo-lbben-feb.de\/index.php?rest_route=\/wp\/v2\/pages\/12888\/revisions\/14403"}],"up":[{"embeddable":true,"href":"https:\/\/xn--judo-lbben-feb.de\/index.php?rest_route=\/wp\/v2\/pages\/395"}],"wp:attachment":[{"href":"https:\/\/xn--judo-lbben-feb.de\/index.php?rest_route=%2Fwp%2Fv2%2Fmedia&parent=12888"}],"curies":[{"name":"wp","href":"https:\/\/api.w.org\/{rel}","templated":true}]}}